st common divisor of 30 and 314141985?
15
Calculate the greatest common divisor of 277783382 and 355.
71
What is the greatest common divisor of 19754 and 1484168?
238
Calculate the highest common divisor of 1204 and 8946140.
28
Calculate the greatest common factor of 54 and 6400.
2
Calculate the greatest common factor of 99 and 63934209.
9
Calculate the greatest common factor of 980615 and 278855.
215
Calculate the highest common factor of 27 and 23913.
9
What is the greatest common divisor of 6188046 and 15420?
1542
Calculate the greatest common factor of 835018 and 62.
2
What is the highest common factor of 1402 and 177917305?
701
Calculate the greatest common divisor of 11040416 and 1856.
928
Calculate the highest common divisor of 1003 and 38171171.
1003
What is the greatest common factor of 21327 and 125439?
3
Calculate the highest common factor of 7437064 and 309692.
2228
Calculate the highest common factor of 426599 and 480163.
1913
What is the highest common divisor of 109035 and 1315350?
45
Calculate the greatest common factor of 20528 and 27888571.
1283
Calculate the greatest common factor of 1348862 and 254.
2
Calculate the highest common divisor of 193936299 and 207.
69
Calculate the highest common factor of 167827205 and 316.
79
What is the highest common factor of 22457560 and 8?
8
Calculate the greatest common factor of 20 and 8753175.
5
Calculate the greatest common factor of 136570 and 9359.
7
What is the highest common factor of 280922119 and 41?
41
Calculate the greatest common factor of 48 and 140214.
6
What is the greatest common divisor of 718953700 and 100?
100
Calculate the highest common factor of 7 and 411140303.
7
Calculate the greatest common divisor of 86031240 and 6014.
194
What is the highest common factor of 2084 and 119779463?
521
What is the highest common divisor of 4144959 and 78?
39
Calculate the highest common factor of 3604 and 381.
1
Calculate the highest common divisor of 55 and 597047.
11
Calculate the greatest common divisor of 8305 and 2263490.
755
What is the highest common factor of 32349300 and 612?
204
What is the greatest common divisor of 19246500 and 300?
300
Calculate the greatest common factor of 298672 and 50.
2
What is the highest common factor of 937898 and 1326?
26
Calculate the greatest common divisor of 252 and 7149744.
252
Calculate the highest common factor of 5759715 and 24765.
195
What is the greatest common factor of 34380688 and 8272?
752
Calculate the greatest common divisor of 3368764 and 7084.
644
Calculate the greatest common divisor of 112200 and 318450.
1650
Calculate the highest common factor of 1170 and 329594382.
234
What is the greatest common divisor of 123356 and 2228?
4
What is the greatest common divisor of 16803 and 1349656167?
5601
Calculate the greatest common divisor of 2342615378 and 31.
31
What is the highest common factor of 208661 and 103505?
127
Calculate the greatest common factor of 23417009 and 146531.
847
Calculate the greatest common divisor of 13860924 and 228.
12
What is the highest common divisor of 27009367 and 7?
7
What is the highest common divisor of 105 and 57110655?
105
What is the greatest common factor of 24 and 13051096?
8
What is the highest common factor of 141 and 1969441?
47
Calculate the greatest common factor of 847634 and 26.
2
Calculate the greatest common factor of 2069439 and 9130.
83
Calculate the greatest common divisor of 6128 and 40796394.
766
Calculate the greatest common divisor of 48295040 and 269040.
4720
Calculate the highest common factor of 2468095953 and 1653.
1653
What is the highest common factor of 3388 and 298581052?
3388
Calculate the greatest common divisor of 1545458 and 12.
2
Calculate the highest common factor of 19968858 and 2044.
1022
Calculate the highest common factor of 140756 and 15939.
77
Calculate the greatest common factor of 171536 and 34064.
16
What is the highest common divisor of 374264 and 1645688?
88
Calculate the highest common factor of 128875 and 456500.
125
Calculate the highest common divisor of 960 and 995430.
30
What is the highest common factor of 5630 and 3940?
10
Calculate the highest common factor of 127991 and 302368.
859
Calculate the greatest common factor of 323 and 128535028.
17
What is the greatest common factor of 132 and 1533081?
33
Calculate the highest common factor of 1060260 and 66912.
492
What is the highest common factor of 19704543 and 390862?
8497
What is the greatest common divisor of 9 and 5914953?
9
Calculate the highest common divisor of 1750 and 47528000.
250
Calculate the greatest common factor of 15129255 and 15.
15
What is the greatest common divisor of 113487 and 591204?
57
Calculate the highest common divisor of 6 and 386549931.
3
What is the highest common factor of 1719 and 311364?
9
What is the highest common factor of 20170447 and 11?
11
What is the greatest common factor of 98224 and 15800?
8
What is the highest common factor of 416 and 261285128?
104
Calculate the highest common divisor of 77925 and 1524213.
3117
Calculate the greatest common factor of 1657626688 and 244.
244
What is the highest common factor of 35232084 and 24120?
2412
What is the highest common factor of 30949794 and 18?
18
What is the highest common divisor of 27210303 and 81?
27
What is the highest common divisor of 34 and 115182684?
34
Calculate the highest common divisor of 23216999 and 22139.
1703
What is the greatest common divisor of 4716782 and 264951?
3271
Calculate the highest common factor of 476 and 10979654.
238
What is the highest common factor of 1196 and 29695668?
92
What is the highest common factor of 33406366 and 28?
14
What is the highest common factor of 33 and 1085829?
3
What is the greatest common factor of 2718 and 1746?
18
Calculate the highest common factor of 3546 and 111329625.
591
What is the greatest common factor of 12714 and 141?
3
Calculate the highest common divisor of 67915 and 29944123.
799
Calculate the highest common factor of 795 and 1159035.
15
Calculate the highest common factor of 131565 and 51.
3
What is the highest common divisor of 47901903 and 9639?
357
Calculate the greatest common factor of 126 and 530992.
14
Calculate the greatest common divisor of 119840 and 2212910.
70
What is the highest common factor of 276 and 11180967?
69
What is the greatest common divisor of 15777 and 24444?
9
Calculate the highest common divisor of 407 and 542366.
11
What is the greatest common divisor of 4 and 152297612?
4
What is the highest common factor of 6608 and 48104?
56
Calculate the greatest common divisor of 265952 and 4024.
8
What is the greatest common factor of 396162658 and 26778?
8926
What is the highest common factor of 440845 and 1360?
5
Calculate the greatest common divisor of 2561 and 466817.
13
Calculate the highest common factor of 506 and 5210.
2
Calculate the highest common divisor of 81 and 1794448.
1
Calculate the greatest common factor of 584712 and 2812573.
2707
Calculate the highest common divisor of 315 and 41648985.
315
Calculate the greatest common divisor of 2346348 and 1425.
57
Calculate the greatest common factor of 55240125 and 1125.
375
Calculate the highest common divisor of 203028 and 169428.
84
Calculate the highest common divisor of 3876 and 4099236.
12
Calculate the highest common divisor of 204852563 and 5906.
2953
Calculate the greatest common divisor of 8170 and 306850.
190
Calculate the highest common factor of 10566 and 47474212.
1174
Calculate the greatest common factor of 70 and 15121505.
35
What is the highest common divisor of 165725 and 53725?
175
Calculate the highest common divisor of 7828581 and 984.
123
Calculate the greatest common divisor of 183923 and 8908.
17
Calculate the highest common divisor of 1265 and 523135.
115
Calculate the highest common factor of 86422 and 422.
2
Calculate the greatest common divisor of 8975353 and 133.
19
Calculate the highest common factor of 48488 and 441177.
319
What is the highest common divisor of 8646118 and 2262?
754
What is the highest common factor of 850302 and 6124968?
1746
What is the highest common divisor of 338436 and 15156?
36
What is the highest common divisor of 936 and 1368936?
72
Calculate the greatest common divisor of 1147988 and 13516.
436
What i